s divided by l.
0
Let b = -256 + 287. Suppose 54 = -b*q + 37*q. Suppose -2*h + 13 = -39. Calculate the remainder when h is divided by q.
8
Suppose 0 = 4*n - 3*m - 3380, 2357 + 995 = 4*n + 4*m. What is the remainder when n is divided by 229?
155
Let z = 13009 - 12596. What is the remainder when z is divided by 15?
8
Let b(h) = -109*h**3 - 2*h**2 - 2*h - 1. Suppose -p - 436 + 450 = 0. Suppose 34*v - 200 = p*v. What is the remainder when b(-1) is divided by v?
8
Suppose 636 = 3*x + 3*p - 2*p, 0 = 5*x - 3*p - 1060. Let s(a) = a**3 - 4*a**2 - 197*a + 1164. Calculate the remainder when x is divided by s(6).
50
Let d(w) = -35*w + 8. Let j(o) = -7 - 181*o - 9 + 251*o. Let b(q) = 7*d(q) + 3*j(q). What is the remainder when b(-2) is divided by 40?
38
Let z(h) = 275*h - 769. What is the remainder when 439 is divided by z(3)?
47
Let p(l) = 3*l**2 - 4*l**2 + 2 - 457*l + 452*l. What is the remainder when (0 - 1)/((-14)/406) is divided by p(-3)?
5
What is the remainder when 448 is divided by (-10)/(-25) + 21/35 - -8?
7
Let l(v) = 5*v**3 - 37*v**2 - 9*v + 5. What is the remainder when l(9) is divided by 139?
16
Let g be (-5 - -4)/((-4)/124). Calculate the remainder when ((-6)/(-6) - g)*(-7)/3 is divided by 15.
10
Let a = -4082 + 4962. Calculate the remainder when 1783 is divided by a.
23
Let j be 3 - 6/9*-3. Suppose -j*w + 4*w = h - 17, -31 = -2*h - 3*w. Suppose -h = d - 5*g, 0*d = d - g. What is the remainder when 8 is divided by d?
3
Suppose 5*m - 214 = -2*i, -2*m + 601 - 157 = 4*i. Suppose 8*u - i = u. Calculate the remainder when 58 is divided by u.
10
Let c(x) be the third derivative of x**6/40 - x**5/30 - x**4/24 + 60*x**2. Calculate the remainder when 24 is divided by c(2).
10
Suppose 0 = 5*c - 4*b - 220073, 3*c - 89820 = -7*b + 42158. What is the remainder when c is divided by 54?
53
Let j = -10051 + 10067. What is the remainder when 3574 is divided by j?
6
Suppose b - 139 = 2873*h - 2875*h, -2*h = -3*b + 481. What is the remainder when b is divided by 56?
43
Let t(u) = -u**3 - 6*u**2 + 247*u + 9. Let h be 7/((-7)/(-4))*1. Suppose 0 = -x + 2 + h. What is the remainder when t(-19) is divided by x?
3
Let q be -3 - (-9 + -10*5/(-10)). What is the remainder when 186 is divided by 2 - -1 - q/(-2)*98?
30
Let a = -4437 - -5009. Calculate the remainder when a is divided by 20.
12
Let i = -116 + 118. Let a be (1 - i)*1 + -1. Calculate the remainder when (-958)/(-4) + 6 + (-1)/a is divided by 62.
60
Let v be (-804)/15 + 2/(-5). Suppose 14*s = -113 - 391. Let h = s - v. What is the remainder when 69 is divided by h?
15
Let i(n) = 136*n**2 - 196*n + 383. Calculate the remainder when i(2) is divided by 25.
10
Suppose 2*h - 3 = h. Suppose -4*s + h*s + 20 = 0. Let i = -1687 - -1745. What is the remainder when i is divided by s?
18
Let d(b) = 56*b + 1140. Suppose 2*t = -241 + 2325. Suppose -347 + t = 5*s. What is the remainder when s is divided by d(-20)?
19
Let k(j) = j**3 - 14*j**2 + 22*j - 30. Let m be k(15). Suppose 0 = 8*s - m - 507. What is the remainder when s is divided by 39?
12
Let p = 131 - 118. Suppose 3*k + 0*k + 5*y + 32 = 0, -k = -4*y - 12. Calculate the remainder when ((-2)/k + -1)*-102 is divided by p.
12
Let j = -59 + 15. Let o = j - -60. Let r(c) = 4*c + 7. What is the remainder when o is divided by r(0)?
2
Let s(t) = t**2 - 25*t + 224. Calculate the remainder when 78 is divided by s(10).
4
Suppose -15 - 17 = -4*n. Let b(c) = c**3 - 8*c**2 + 9*c - 1. Suppose -3*o + 8*f = -112, 82*o = 81*o + 4*f + 44. What is the remainder when b(n) is divided by o?
23
Let t = 10522 - 7413. What is the remainder when t is divided by 8?
5
Let f = 22760 + -22702. What is the remainder when 1158 is divided by f?
56
Suppose -2*d - 4 = -2*i, 4*i + 20*d - 16*d = -8. Suppose 0 = p + 3*p - 424. Calculate the remainder when p is divided by 6 + i - (-18 + -3).
25
Calculate the remainder when 17360/24 - ((-160)/24 + 7) is divided by 232.
27
Suppose -4951 - 845 = -2*y. What is the remainder when y is divided by 290?
288
Let w(p) = 26*p**2 - 3*p + 4. Let x(i) = -2*i**2 - 45*i - 223. Calculate the remainder when w(2) is divided by x(-11).
12
Suppose -3*t = -5*k - 12069, -15986 = -4*t - 0*k - 11*k. Calculate the remainder when t is divided by 67.
60
Suppose 0*p + 36 = 3*p. Suppose -3*l + p = -6*l, 3*t - 30 = 3*l. What is the remainder when (2/8*(2 + -90))/(-2) is divided by t?
5
Let l be (-18)/(-8) - 18/(-24). Let h(q) = 3*q**2 - 3*q - 1. Suppose -13 = -2*u + 9. What is the remainder when h(l) is divided by u?
6
Let f = 173 + -169. Calculate the remainder when 2/(-4)*1 + 1186/f is divided by 50.
46
Let o be 0 - -8 - (22 - 17). Suppose 2*l - 117 = -5*z, -o*l + 7*l - 216 = -4*z. What is the remainder when 203 is divided by l?
50
Let y(m) = -m**2 - 34*m - 2. Let a be y(-9). Suppose 39*p - 1259 = a. Calculate the remainder when 148 is divided by p.
34
Suppose 29*b - 23*b = -396. Let n = 91 + b. Calculate the remainder when 95 is divided by n.
20
Suppose 4*l = 5*b - 8804, 3*l + 1774 = -27*b + 28*b. Calculate the remainder when b is divided by 136.
124
Let h = 236 + -24. Suppose -15*x + h + 343 = 0. What is the remainder when x is divided by 20?
17
Let n = -742 - -1893. Suppose 6*r + 985 = -n. What is the remainder when 87 is divided by r/(-12) - 2/(-6)?
27
Let z(j) = -5*j**2 - j + 2. Let w = -7 - -8. Let b be z(w). Calculate the remainder when 5 is divided by 3/(-3 - b)*1.
2
Suppose 0 = -c + 3*c - 74. Let j = 55 - 34. Calculate the remainder when c is divided by j.
16
Let i(m) = -17*m + 22. Calculate the remainder when i(-15) is divided by (-3)/(-1) + -32*24/(-128).
7
Let a = -6194 - -6217. Calculate the remainder when 2001 is divided by a.
0
Let q(p) = 50*p + 1. Let l be q(-2). Let d = l + 216. What is the remainder when d is divided by 17?
15
Let d = -1302 + 1531. What is the remainder when d is divided by 30?
19
Suppose 2*w + 6 - 44 = 0. Let x(s) be the third derivative of s**5/20 - 3*s**4/4 - 5*s**3/3 - 19*s**2. Calculate the remainder when x(9) is divided by w.
14
Let m(s) = -3*s**2 - 3*s - 9. Let o(q) = q**2. Let l(u) = -m(u) - 4*o(u). Let b be l(4). What is the remainder when 17 is divided by b - (3 - (3 + 4))?
8
Suppose 5*w + 61*m = 65*m + 238, -5*w = 5*m - 265. What is the remainder when 5496 is divided by w?
46
Suppose -66*l + 4544 = -18*l + 94*l. Calculate the remainder when 639 is divided by l.
31
Suppose 3*m - 4 = y - 5*y, 2*y = 4*m + 2. Suppose 2*n = -m*n. Suppose n = 3*j - 127 + 43. What is the remainder when 54 is divided by j?
26
Let q(k) = k**3 + 7*k**2 - k - 5. Let f(r) = -2*r**3 - 126 + 4*r**2 + 29*r + 3*r**3 - 10*r**2 - 18*r**2. Calculate the remainder when f(23) is divided by q(-7).
0
Let b(a) = a**3 + 23*a**2 + 20*a - 479. What is the remainder when b(-11) is divided by 140?
53
Let q(c) = 1031*c**2 - 8*c - 2. Calculate the remainder when q(-1) is divided by 204.
17
Suppose 4*w + 27428 - 28840 = 0. What is the remainder when 1214 is divided by w?
155
Let q = -35 + 85. Calculate the remainder when (-1*6/8)/((-86340)/6640 + 13) is divided by q.
49
Let g = 7507 + -7097. Calculate the remainder when 837 is divided by g.
17
Let o = 1729 + -1137. Calculate the remainder when (-867)/(-11) + (-2)/(-11) is divided by (-30)/105 - o/(-14).
37
Let s(m) = -344*m + 57. What is the remainder when s(-1) is divided by 122?
35
Let l(j) = j**2 - 9*j + 5. Let w be l(8). Let n be (-8)/w + -2 + 12/9. Calculate the remainder when 41 is divided by 25/n - 72/48.
8
Let j = 4266 + -4243. Calculate the remainder when (-28)/(-21)*(-2 + 62) is divided by j.
11
Suppose -31 + 115 = -3*x. Calculate the remainder when 92 is divided by (-3)/(((-4)/102)/(x/(-63))).
24
Suppose 0 = 5*k - u - 754, 162 = 3*k - 2*k - 3*u. Calculate the remainder when k is divided by (-11)/(-88) - (1 + (-1269)/24).
46
Suppose 0 = -z - 4*v + 5147, 1682 = 2*z + 2*v - 8630. What is the remainder when z is divided by 3?
2
Let v(b) = -b**2 - 34*b - 102. Suppose -90 = -52*m + 47*m. What is the remainder when v(-7) is divided by m?
15
Let d(i) = i**3 - 9*i**2 - 1080*i + 13372. Let s be ((-20)/(-3))/2*-3. Let a = s - -17. What is the remainder when d(13) is divided by a?
1
Calculate the remainder when ((-4200)/(-245))/(6/56) is divided by 64.
32
Let x = -14337 + 14527. Calculate the remainder when 3037 is divided by x.
187
S